{"id":34658,"date":"2024-09-01T16:32:54","date_gmt":"2024-09-01T14:32:54","guid":{"rendered":"https:\/\/3laenderlauf.org\/home-francais\/"},"modified":"2026-04-29T10:44:04","modified_gmt":"2026-04-29T08:44:04","slug":"course-des-3-pays","status":"publish","type":"page","link":"https:\/\/3laenderlauf.org\/?page_id=34658&lang=fr","title":{"rendered":"Accueil francais"},"content":{"rendered":"<p>[et_pb_section fb_built=&#8220;1&#8243; fullwidth=&#8220;on&#8220; _builder_version=&#8220;4.27.4&#8243; _module_preset=&#8220;default&#8220; z_index=&#8220;1&#8243; global_colors_info=&#8220;{}&#8220;][et_pb_fullwidth_image src=&#8220;https:\/\/3laenderlauf.org\/wp-content\/uploads\/2025\/06\/entete-site-3LL-w6-fr.jpg&#8220; title_text=&#8220;entete-site-3LL-w6-fr&#8220; _builder_version=&#8220;4.27.4&#8243; _module_preset=&#8220;default&#8220; global_colors_info=&#8220;{}&#8220;][\/et_pb_fullwidth_image][\/et_pb_section][et_pb_section fb_built=&#8220;1&#8243; _builder_version=&#8220;4.27.4&#8243; _module_preset=&#8220;default&#8220; global_colors_info=&#8220;{}&#8220;][et_pb_row _builder_version=&#8220;4.27.4&#8243; _module_preset=&#8220;default&#8220; global_colors_info=&#8220;{}&#8220;][et_pb_column type=&#8220;4_4&#8243; _builder_version=&#8220;4.27.4&#8243; _module_preset=&#8220;default&#8220; global_colors_info=&#8220;{}&#8220;][et_pb_text _builder_version=&#8220;4.27.4&#8243; _module_preset=&#8220;default&#8220; global_colors_info=&#8220;{}&#8220;]<\/p>\n<h3 style=\"text-align: center;\"><strong>Pour des raisons d&#8217;organisation, nous ne pouvons accepter les changements de nom que jusqu&#8217;au vendredi 1er mai.<\/strong><\/h3>\n<p style=\"text-align: center;\"><strong>Les personnes qui ne peuvent pas participer pour cause de maladie ou d&#8217;accident et qui ont souscrit une assurance peuvent s&#8217;adresser directement \u00e0 :<\/strong><br \/><a href=\"https:\/\/datasport.com\/fr\/erv\/\"><strong>www.datasport.com\/ERV<\/strong><\/a><\/p>\n<p style=\"text-align: center;\"><strong>Le changement de cat\u00e9gorie n&#8217;est possible que jusqu&#8217;au mardi 3 mai.<\/strong><\/p>\n<p style=\"text-align: center;\"><strong>Nous nous r\u00e9jouissons de vous accueillir le 17 mai \u00e0 B\u00e2le.<\/strong><\/p>\n<p style=\"text-align: center;\"><em>\u00c9quipe du comit\u00e9 d&#8217;organisation de la Course des trois pays de B\u00e2le \u2013 27 avril 2026<\/em><\/p>\n<p>[\/et_pb_text][\/et_pb_column][\/et_pb_row][et_pb_row _builder_version=&#8220;4.27.4&#8243; _module_preset=&#8220;default&#8220; global_colors_info=&#8220;{}&#8220;][et_pb_column type=&#8220;4_4&#8243; _builder_version=&#8220;4.27.4&#8243; _module_preset=&#8220;default&#8220; global_colors_info=&#8220;{}&#8220;][et_pb_text _builder_version=&#8220;4.27.4&#8243; _module_preset=&#8220;default&#8220; custom_padding=&#8220;||0px|||&#8220; global_colors_info=&#8220;{}&#8220;]<\/p>\n<p style=\"text-align: center;\">\n<p style=\"text-align: center;\"><em>&#8212;&#8212;&#8212;&#8212;&#8212;&#8212;&#8212;&#8212;&#8212;&#8212;&#8212;&#8212;&#8212;&#8212;&#8212;&#8212;&#8212;&#8212;&#8212;&#8212;&#8212;&#8212;&#8212;&#8212;&#8212;<\/em><\/p>\n<p>[\/et_pb_text][et_pb_text _builder_version=&#8220;4.27.4&#8243; _module_preset=&#8220;default&#8220; text_font_size=&#8220;25px&#8220; header_font_size=&#8220;13px&#8220; header_3_font=&#8220;|700|||||||&#8220; header_3_text_color=&#8220;#000000&#8243; header_3_font_size=&#8220;36px&#8220; global_colors_info=&#8220;{}&#8220;]<\/p>\n<p style=\"text-align: left;\"><strong>Nous sommes au complet et ne pouvons plus attribuer de places suppl\u00e9mentaires.<\/strong><br \/><strong>De plus, nous ne tenons pas de liste d&#8217;attente.<\/strong><\/p>\n<p style=\"text-align: left;\">Nous vous remercions de votre compr\u00e9hension et vous prions de ne plus nous envoyer d&#8217;e-mails \u00e0 ce sujet.<\/p>\n<p>Merci de votre compr\u00e9hension et \u00e0 l&#8217;ann\u00e9e prochaine, en 2027 !<\/p>\n<p><em>L&#8217;\u00e9quipe du comit\u00e9 d\u2019organisation de la course des 3 Pays<\/em><\/p>\n<p style=\"text-align: center;\"><strong>Les inscriptions pour l&#8217;\u00e9dition 2026 sont closes. <\/strong><\/p>\n<h4 style=\"text-align: center;\"><strong><\/strong><\/h4>\n<h4 style=\"text-align: center;\"><\/h4>\n<p>[\/et_pb_text][et_pb_image src=&#8220;https:\/\/3laenderlauf.org\/wp-content\/uploads\/2025\/05\/Start_Rangliste_FR.png&#8220; title_text=&#8220;Start_Rangliste_FR&#8220; url=&#8220;https:\/\/results.datasport.com\/fr\/anlass\/dreilaender-lauf-2026\/startlist&#8220; url_new_window=&#8220;on&#8220; show_bottom_space=&#8220;off&#8220; align=&#8220;center&#8220; _builder_version=&#8220;4.27.4&#8243; _module_preset=&#8220;default&#8220; width=&#8220;77%&#8220; max_width=&#8220;30%&#8220; module_alignment=&#8220;center&#8220; global_colors_info=&#8220;{}&#8220;][\/et_pb_image][\/et_pb_column][\/et_pb_row][et_pb_row column_structure=&#8220;1_3,1_3,1_3&#8243; _builder_version=&#8220;4.27.4&#8243; _module_preset=&#8220;default&#8220; background_color=&#8220;RGBA(255,255,255,0)&#8220; animation_style=&#8220;fold&#8220; animation_duration=&#8220;300ms&#8220; animation_delay=&#8220;300ms&#8220; global_colors_info=&#8220;{}&#8220;][et_pb_column type=&#8220;1_3&#8243; _builder_version=&#8220;4.25.2&#8243; _dynamic_attributes=&#8220;link_option_url&#8220; _module_preset=&#8220;default&#8220; link_option_url=&#8220;@ET-DC@eyJkeW5hbWljIjp0cnVlLCJjb250ZW50IjoicG9zdF9saW5rX3VybF9wYWdlIiwic2V0dGluZ3MiOnsicG9zdF9pZCI6IjMzOTkzIn19@&#8220; global_colors_info=&#8220;{}&#8220;][et_pb_text _builder_version=&#8220;4.27.4&#8243; _dynamic_attributes=&#8220;link_option_url&#8220; _module_preset=&#8220;default&#8220; background_color=&#8220;rgba(224,153,0,0.47)&#8220; link_option_url=&#8220;@ET-DC@eyJkeW5hbWljIjp0cnVlLCJjb250ZW50IjoicG9zdF9saW5rX3VybF9wYWdlIiwic2V0dGluZ3MiOnsicG9zdF9pZCI6IjM0NTU5In19@&#8220; border_radii=&#8220;on|20px|20px|20px|20px&#8220; border_width_all=&#8220;2px&#8220; global_colors_info=&#8220;{}&#8220;]<\/p>\n<h2 style=\"text-align: center;\"><strong>Marathon 42,195 km<\/strong><\/h2>\n<h4 style=\"text-align: center;\"><strong>D\u00e9part \u00e0 9h00\u00a0<\/strong><strong><\/strong><\/h4>\n<h4 style=\"text-align: center;\"><strong>80 CHF juqu&#8217;au 28.02.2026<\/strong><\/h4>\n<h4 style=\"text-align: center;\"><strong>+ 10 CHF du 01.03.26 au 28.04.26<\/strong><\/h4>\n<h4 style=\"text-align: center;\"><strong>+ 20 CHF \u00e0 partir du 01.05.26<\/strong><\/h4>\n<p><strong><img loading=\"lazy\" decoding=\"async\" src=\"https:\/\/3laenderlauf.org\/wp-content\/uploads\/2025\/11\/logo-DSM-noir-300x39.jpg\" width=\"300\" height=\"39\" alt=\"\" class=\"wp-image-36247 alignnone size-medium\" style=\"display: block; margin-left: auto; margin-right: auto;\" \/><\/strong><\/p>\n<p>&nbsp;<\/p>\n<p style=\"text-align: center;\">[\/et_pb_text][\/et_pb_column][et_pb_column type=&#8220;1_3&#8243; _builder_version=&#8220;4.25.2&#8243; _dynamic_attributes=&#8220;link_option_url&#8220; _module_preset=&#8220;default&#8220; link_option_url=&#8220;@ET-DC@eyJkeW5hbWljIjp0cnVlLCJjb250ZW50IjoicG9zdF9saW5rX3VybF9wYWdlIiwic2V0dGluZ3MiOnsicG9zdF9pZCI6IjMzODg0In19@&#8220; global_colors_info=&#8220;{}&#8220;][et_pb_text _builder_version=&#8220;4.27.4&#8243; _dynamic_attributes=&#8220;link_option_url&#8220; _module_preset=&#8220;default&#8220; background_color=&#8220;rgba(224,43,32,0.61)&#8220; link_option_url=&#8220;@ET-DC@eyJkeW5hbWljIjp0cnVlLCJjb250ZW50IjoicG9zdF9saW5rX3VybF9wYWdlIiwic2V0dGluZ3MiOnsicG9zdF9pZCI6IjMzODg0In19@&#8220; border_radii=&#8220;on|20px|20px|20px|20px&#8220; border_width_all=&#8220;2px&#8220; locked=&#8220;off&#8220; global_colors_info=&#8220;{}&#8220;]<\/p>\n<h2 style=\"text-align: center;\"><strong>10 km<\/strong><\/h2>\n<h4 style=\"text-align: center;\"><strong>D\u00e9part \u00e0 9h10\u00a0<\/strong><\/h4>\n<h4 style=\"text-align: center;\"><strong>40 CHF jusqu&#8217;au 28.02.2026<\/strong><\/h4>\n<h4 style=\"text-align: center;\"><strong>+ 5 CHF du 01.03.26 au 30.04.26<\/strong><\/h4>\n<h4 style=\"text-align: center;\"><strong>+ 10 CHF \u00e0 partir du 01.05.26<\/strong><strong><\/strong><strong><\/strong><\/h4>\n<p><strong><img loading=\"lazy\" decoding=\"async\" src=\"https:\/\/3laenderlauf.org\/wp-content\/uploads\/2025\/09\/ca_nb-1-300x139.jpg\" width=\"175\" height=\"81\" alt=\"\" class=\"wp-image-35414 alignnone size-medium\" style=\"display: block; margin-left: auto; margin-right: auto;\" \/><\/strong><\/p>\n<p style=\"text-align: center;\">[\/et_pb_text][\/et_pb_column][et_pb_column type=&#8220;1_3&#8243; _builder_version=&#8220;4.25.2&#8243; _dynamic_attributes=&#8220;link_option_url&#8220; _module_preset=&#8220;default&#8220; link_option_url=&#8220;@ET-DC@eyJkeW5hbWljIjp0cnVlLCJjb250ZW50IjoicG9zdF9saW5rX3VybF9wYWdlIiwic2V0dGluZ3MiOnsicG9zdF9pZCI6IjMzOTgyIn19@&#8220; global_colors_info=&#8220;{}&#8220;][et_pb_text _builder_version=&#8220;4.27.4&#8243; _dynamic_attributes=&#8220;link_option_url&#8220; _module_preset=&#8220;default&#8220; background_color=&#8220;rgba(12,113,195,0.53)&#8220; link_option_url=&#8220;@ET-DC@eyJkeW5hbWljIjp0cnVlLCJjb250ZW50IjoicG9zdF9saW5rX3VybF9wYWdlIiwic2V0dGluZ3MiOnsicG9zdF9pZCI6IjM0NTQyIn19@&#8220; border_radii=&#8220;on|20px|20px|20px|20px&#8220; border_width_all=&#8220;2px&#8220; locked=&#8220;off&#8220; global_colors_info=&#8220;{}&#8220;]<\/p>\n<h2 style=\"text-align: center;\"><strong>Semi-marathon 21,095 km<\/strong><\/h2>\n<h4 style=\"text-align: center;\"><strong>D\u00e9part \u00e0 10h15<\/strong><\/h4>\n<h4 style=\"text-align: center;\"><strong>60 CHF<\/strong><strong>\u00a0jusqu&#8217;au 28.02.2026<\/strong><\/h4>\n<h4 style=\"text-align: center;\"><strong>+ 10 CHF du 01.03.26 au 30.04.26<\/strong><\/h4>\n<h4 style=\"text-align: center;\"><strong>+ 20 CHF \u00e0 partir du 01.05.26<\/strong><\/h4>\n<p><strong><img loading=\"lazy\" decoding=\"async\" src=\"https:\/\/3laenderlauf.org\/wp-content\/uploads\/2025\/09\/Novartis_halb-2-1-300x85.jpg\" width=\"256\" height=\"73\" alt=\"\" class=\"wp-image-35417 alignnone size-medium\" style=\"display: block; margin-left: auto; margin-right: auto;\" \/><\/strong><\/p>\n<p style=\"text-align: center;\">[\/et_pb_text][\/et_pb_column][\/et_pb_row][\/et_pb_section][et_pb_section fb_built=&#8220;1&#8243; _builder_version=&#8220;4.25.1&#8243; _module_preset=&#8220;default&#8220; global_colors_info=&#8220;{}&#8220;][\/et_pb_section]<\/p>\n","protected":false},"excerpt":{"rendered":"<p>Pour des raisons d&#8217;organisation, nous ne pouvons accepter les changements de nom que jusqu&#8217;au vendredi 1er mai. Les personnes qui ne peuvent pas participer pour cause de maladie ou d&#8217;accident et qui ont souscrit une assurance peuvent s&#8217;adresser directement \u00e0 :www.datasport.com\/ERV Le changement de cat\u00e9gorie n&#8217;est possible que jusqu&#8217;au mardi 3 mai. Nous nous r\u00e9jouissons [&hellip;]<\/p>\n","protected":false},"author":1,"featured_media":0,"parent":0,"menu_order":0,"comment_status":"closed","ping_status":"closed","template":"","meta":{"_et_pb_use_builder":"on","_et_pb_old_content":"","_et_gb_content_width":"","footnotes":""},"class_list":["post-34658","page","type-page","status-publish","hentry"],"_links":{"self":[{"href":"https:\/\/3laenderlauf.org\/index.php?rest_route=\/wp\/v2\/pages\/34658","targetHints":{"allow":["GET"]}}],"collection":[{"href":"https:\/\/3laenderlauf.org\/index.php?rest_route=\/wp\/v2\/pages"}],"about":[{"href":"https:\/\/3laenderlauf.org\/index.php?rest_route=\/wp\/v2\/types\/page"}],"author":[{"embeddable":true,"href":"https:\/\/3laenderlauf.org\/index.php?rest_route=\/wp\/v2\/users\/1"}],"replies":[{"embeddable":true,"href":"https:\/\/3laenderlauf.org\/index.php?rest_route=%2Fwp%2Fv2%2Fcomments&post=34658"}],"version-history":[{"count":59,"href":"https:\/\/3laenderlauf.org\/index.php?rest_route=\/wp\/v2\/pages\/34658\/revisions"}],"predecessor-version":[{"id":36612,"href":"https:\/\/3laenderlauf.org\/index.php?rest_route=\/wp\/v2\/pages\/34658\/revisions\/36612"}],"wp:attachment":[{"href":"https:\/\/3laenderlauf.org\/index.php?rest_route=%2Fwp%2Fv2%2Fmedia&parent=34658"}],"curies":[{"name":"wp","href":"https:\/\/api.w.org\/{rel}","templated":true}]}}